est common factor of 10 and a?
10
Let q(t) = -6*t. Let h be q(-3). Let c be (3 - 4) + 5*11. Calculate the highest common factor of h and c.
18
Let k = -53 + 101. Calculate the greatest common factor of k and 6.
6
Suppose -4*k + 8*k = -3*v - 391, 249 = -2*v - 5*k. Let l = v + 200. Suppose 0*y - 3*y = -63. Calculate the greatest common divisor of y and l.
21
Suppose -2*f + 26 = 2*q, 6 = f - q - 5. Calculate the highest common divisor of f and 108.
12
Suppose -6 = 3*g + 4*d - 0, 0 = 3*g - 4*d - 18. Let u = g - -13. What is the highest common divisor of u and 90?
15
Let w be (-1)/(-6) - (-2414)/204. What is the greatest common divisor of 4 and w?
4
Let i(k) = k**3 + 5*k**2 + 2*k + 9. Let y be i(-6). Let u be y/(-4) - (-1)/4. What is the greatest common divisor of 2 and u?
2
Let i(l) = l**2 + 2*l - 30. Let m be i(-8). Let y be -2 - (28*1)/(-2). What is the highest common divisor of m and y?
6
Suppose -7*n = -2*n - 10. Let u = n - -2. Suppose 4*c + u = 0, -5*i + 3*c = 4*c - 314. Calculate the greatest common divisor of 9 and i.
9
Let u be 10/3*(-6)/(-5). Let h(n) = -n**3 + 6*n**2 - 5*n - 3. Let d be h(u). Calculate the greatest common factor of 99 and d.
9
Let c = 116 + -107. Let r(z) = z - 65. Let v(f) = 2*f - 66. Let o(n) = -3*r(n) + 2*v(n). Let i be o(0). What is the highest common factor of i and c?
9
Let c be 1 - -2*(-148)/8. Let r = c + 157. Calculate the greatest common factor of r and 11.
11
Let k(s) be the second derivative of -s**5/20 + 2*s**4/3 + s**3/2 - 3*s**2 - 2*s. Let w be k(8). Calculate the greatest common factor of 162 and w.
18
Let d(p) = 2*p**2 + p. Let n be d(-1). Suppose -5*s + 15 = -70. Suppose -2*j - 4*k - 13 = j, -j + s = -4*k. Calculate the greatest common factor of n and j.
1
Let q(z) = -z**3 - 4*z**2 + 5*z - 14. Let h be q(-6). Calculate the highest common divisor of 4 and h.
4
Let a(b) = b**3 + 5*b**2 - 2*b - 9. Let l be a(-6). Let d be l/(6/16*-1). What is the highest common divisor of 8 and d?
8
Let h(c) = c - 1. Let v be h(4). Suppose -r - 3*a + 3 = 0, 0 = -4*r - 4*a + 15 - 3. Calculate the highest common factor of r and v.
3
Let t(c) = -c**2 - 8*c - 5. Let s be t(-6). Suppose 0 = m + a + 3, 1 + 0 = 5*m + a. What is the greatest common divisor of m and s?
1
Let q(o) = 2*o**3 - o**2 + 3*o - 3. Let y be q(2). Calculate the greatest common factor of 15 and y.
15
Let a be (3 - 3)/(-4) - -13. What is the highest common divisor of a and 52?
13
Let t be 154/4*-2 - 0. Let d be (t/21)/((-2)/6). Let y be d + -3 + 2 + 0. Calculate the greatest common factor of y and 4.
2
Suppose -111 = 2*g - 441. Suppose -159 - g = -4*o. Calculate the greatest common divisor of 9 and o.
9
Let v = 17 - 5. Suppose -4*z + 3*z = -50. Let w = -14 + z. What is the greatest common factor of v and w?
12
Suppose -3*i = -37 - 323. What is the highest common factor of i and 12?
12
Suppose 2*o + 2*b - 771 = 279, -2*o + 1050 = 5*b. Suppose 0 = 5*v + 705 + o. Let c be (-2)/(-3) + v/(-9). What is the highest common factor of 42 and c?
14
Suppose -3*c + 3 = -3. Let y be ((-3)/2 + c)*32. What is the highest common factor of y and 24?
8
Let b(l) be the third derivative of -l**4/12 - 5*l**3/3 + 8*l**2. Let v be b(-9). What is the greatest common factor of v and 20?
4
Suppose -4*u + 22 = 2*t, -26 = -2*u - 5*t + t. Calculate the greatest common factor of u and 2.
1
Let d be 4420/13 - (2 + -1). Suppose -d = -5*l + 36. What is the highest common factor of l and 50?
25
Let k(m) = m**2 + 6*m. Let q be k(-7). Suppose 63 + 35 = 2*p. What is the greatest common factor of p and q?
7
Let g(q) = -38*q**3 + 4*q**2 + 3*q. Let h be g(-2). Suppose 5*d = h - 64. Calculate the greatest common factor of d and 10.
10
Let v be 2/8 - (-5)/(-20). Suppose -16 + 91 = 5*o - 5*p, v = -2*o + 5*p + 18. Calculate the highest common factor of o and 76.
19
Let d = -77 - -91. What is the greatest common factor of d and 98?
14
Let p(x) = 6*x**2 + x - 1. Let g be p(1). Let c(a) = 3*a**2 - a. Let w be c(-1). What is the highest common divisor of w and g?
2
Let k be -3*(43/(-3) - (-2)/(-2)). Calculate the highest common factor of 230 and k.
46
Suppose 32*z - 21*z - 4301 = 0. What is the greatest common factor of 17 and z?
17
Suppose -45 = -l + 3*m, -5*m = -l - 0*m + 49. Calculate the highest common divisor of l and 195.
39
Suppose 3 = -z - 2*z. Let g be (z - (-2 + 2))*-17. Suppose -22 = 4*m - 362. What is the greatest common factor of g and m?
17
Suppose -w + 121 = -19. What is the highest common divisor of w and 28?
28
Suppose 10*m = 5*m + 40. Suppose -s = 4*t - 11 - 12, -4*s + 27 = 3*t. Suppose t*v = -m - 2, -4*y + 58 = -3*v. What is the highest common factor of y and 143?
13
Let b = 10 - -7. Suppose -4*l - b = -1. Let d be (-2 - l - 5)*-11. What is the greatest common factor of 22 and d?
11
Suppose 3 = 5*v - 17. Calculate the highest common divisor of 8 and v.
4
Let y(z) = z**3 + 3*z**2 - 5*z - 2. Let s be y(-4). Let b be (-60)/s*48/(-10). What is the highest common factor of 18 and b?
18
Let s(d) = -d - 4. Let l be s(0). Let i be (l/2)/(1/(-7)). Suppose -i = -3*n + 16. What is the highest common divisor of 2 and n?
2
Suppose 5*c = 0, 3*c = -u + 2*c + 24. Suppose -4*v + 2*v = -u. Let f(p) = 4*p**2 - 2*p + 4. Let k be f(4). Calculate the highest common divisor of k and v.
12
Let s be 0 + 11 + -1 + 0. Suppose -5*z + 2*z - 6 = 0. Let b be -1*(3 + z + -26). What is the highest common divisor of b and s?
5
Suppose m - 64 = 3*m. Let g = 2 - m. What is the greatest common divisor of 17 and g?
17
Let x(b) = 2*b**3 - 2*b**2 + 7*b - 5. Let z be x(2). Calculate the highest common divisor of 136 and z.
17
Suppose -3*s = -s + g - 205, -2*s - 3*g = -199. What is the highest common factor of 13 and s?
13
Suppose 0*d - 8*d = -96. What is the highest common factor of 84 and d?
12
Suppose -a = -60 + 22. Let j = -4 - -82. Let f = j - a. What is the highest common factor of f and 10?
10
Let c = -74 - -173. Let d = 2 + 1. Suppose 0 = -5*z + d*g + 8 + 38, 3*z - 3*g = 24. What is the highest common divisor of c and z?
11
Suppose r + 5 = -5*c - 2, -2*c + 5*r = -8. Let u be c/(0 - -1) - -24. Calculate the highest common factor of u and 207.
23
Let o(k) = -7 - 3 + 0 - 2*k. Let u be o(-8). Let p be (-3)/u + 113/2. Calculate the highest common factor of p and 14.
14
Suppose -5*s + 3*y + 90 = 5*y, -2*y = s - 18. Let r be 27*3/(-1 + 4). Calculate the greatest common divisor of r and s.
9
Suppose -5*l + 137 = -83. Calculate the highest common factor of l and 4.
4
Suppose -3*h + 37 = z, -5*h - 2*z + 48 + 14 = 0. Calculate the greatest common factor of h and 8.
4
Let w(i) = -2*i**3 - 5*i**2 + 6*i - 1. Let k = 3 - 9. Let b be w(k). Let h be b/6 - (-2)/12. What is the greatest common divisor of 24 and h?
12
Suppose -18 = n - 4*n. Suppose 0 = o - 2*o + n. Calculate the highest common divisor of 12 and o.
6
Let y = 39 - 37. Calculate the highest common factor of 22 and y.
2
Let y(t) = -t**3 + 12*t**2 - 10*t - 6. Let h be y(11). What is the greatest common divisor of h and 55?
5
Let f = -51 - -101. Suppose -22 = -2*u + 4*j + f, 0 = 3*u - 3*j - 102. Calculate the highest common divisor of u and 16.
16
Let f be ((-10)/4)/((-2)/4). Let r(y) = y. Let p be r(f). Suppose 7*b - 20 = -3*b. What is the greatest common factor of p and b?
1
Let j = -87 - -109. Suppose l = -0*l + 242. What is the highest common factor of j and l?
22
Let n(s) be the third derivative of 3*s**4/4 - 2*s**3/3 + 4*s**2. Let m be n(3). What is the highest common factor of m and 20?
10
Let i = 257 + -131. Calculate the greatest common divisor of i and 42.
42
Let b = 6 - -1. Suppose -11 = 5*o - 4*g, g = 3*o + 2*g - b. Let p(v) = 9*v**3 - 2*v**2 + v. Let i be p(1). Calculate the highest common factor of i and o.
1
Suppose -4*w + 705 = i, 0*i - 2*i + 171 = w. Let n = w + -51. Calculate the greatest common factor of n and 14.
14
Suppose 0*l = 3*l - 75. Suppose 0 = -4*d + l + 7. Let n(v) = -v**3 + 21*v**2 + 21*v + 54. Let j be n(22). What is the greatest common divisor of j and d?
8
Suppose 0 = -l - n + 5, 3*n + 2 = n. Suppose -9 = u - 63. Calculate the highest common divisor of u and l.
6
Suppose 0 = -k + 9 + 12. What is the highest common factor of 42 and k?
21
Let h(n) = 11*n - 5. Let x(f) = -10*f + 4. Let b(y) = -5*h(y) - 6*x(y). Let j be b(4). Calculate the greates